{"id":79,"date":"2019-06-24T15:05:53","date_gmt":"2019-06-24T13:05:53","guid":{"rendered":"https:\/\/ph-rdc.org\/?page_id=79"},"modified":"2019-12-26T03:06:23","modified_gmt":"2019-12-26T02:06:23","slug":"devenir-membre","status":"publish","type":"page","link":"https:\/\/ph-rdc.org\/index.php\/devenir-membre\/","title":{"rendered":"Devenir membre"},"content":{"rendered":"<p>Pour devenir membre effectif de la PH-RDC, veuillez remplir le formulaire <em>bulletin de demande d\u2019adh\u00e9sion<\/em>, le compl\u00e9t\u00e9 et l\u2019adress\u00e9 accompagn\u00e9 d\u2019une lettre d\u2019intention au Conseil d\u2019Administration \u00e0 l\u2019adresse&nbsp;8486\/35, 1er \u00e9tage immeuble Davier,&nbsp;Croisement des avenues Mpolo Maurice, Livre et Kasa vubu,&nbsp;Commune de la Gombe,&nbsp;Kinshasa \u2013 RDC<\/p>\n<p>Vous pouvez envoyer une version num\u00e9rique des documents \u00e0 l\u2019adresse <a href=\"mailto:coordophrdc@gmail.com\">coordophrdc@gmail.com<\/a>, au moment de signer la charte de bonne conduite, vous soumettrez les documents originaux.<\/p>\n<p>Le requ\u00e9rant doit r\u00e9pondre aux crit\u00e8res \u00e9ligibilit\u00e9 suivants :<\/p>\n<ul>\n<li>\u00catre une personne morale ou une organisation \u0153uvrant dans le secteur de la sant\u00e9 l\u00e9galement reconnue en R\u00e9publique D\u00e9mocratique du Congo ;<\/li>\n<li>Faire preuve d\u2019une bonne organisation dans le domaine d\u2019administration des soins de sant\u00e9;<\/li>\n<li>Disposer d\u2019une exp\u00e9rience suffisante dans l\u2019organisation et le fonctionnement des h\u00f4pitaux ;<\/li>\n<li>Signer la charte de bonne conduite de l\u2019Association apr\u00e8s approbation par l\u2019Assembl\u00e9e g\u00e9n\u00e9rale ;<\/li>\n<li>\u00catre un H\u00f4pital ou une structure sanitaire \u00e9quivalente fonctionnant en R\u00e9publique D\u00e9mocratique du Congo .<\/li>\n<li>Faire une d\u00e9claration d\u2019honneur d\u2019avoir pris connaissance des statuts, de l\u2019objet de l\u2019association et de la charte de bonne conduite des membres et avoir accept\u00e9 le r\u00e8glement int\u00e9rieur que je m\u2019engage \u00e0 respecter en toute circonstance.<\/li>\n<\/ul>\n<p style=\"text-align: center;\"><span style=\"color: #ff0000;\">Obtenez en t\u00e9l\u00e9chargement, les documents utiles<\/span><\/p>\n\n\n<div class=\"wp-block-columns has-2-columns is-layout-flex wp-container-core-columns-is-layout-9d6595d7 wp-block-columns-is-layout-flex\">\n<div class=\"wp-block-column is-layout-flow wp-block-column-is-layout-flow\">\n<div class=\"wp-block-button is-style-default\"><a class=\"wp-block-button__link has-background has-vivid-cyan-blue-background-color\" href=\"https:\/\/ph-rdc.org\/wp-content\/uploads\/2019\/09\/bulletin-de-demande-d\u2019adh\u00e9sion.pdf\" target=\"_blank\" rel=\"noreferrer noopener\"> Formulaire  de demande d\u2019adh\u00e9sion <\/a><\/div>\n\n\n\n<p><\/p>\n\n\n\n<div class=\"wp-block-button is-style-default\"><a class=\"wp-block-button__link has-background has-vivid-cyan-blue-background-color\" href=\"http:\/\/ph-rdc.org\/wp-content\/uploads\/2019\/09\/RI-PH-RDC.pdf\" target=\"_blank\" rel=\"noreferrer noopener\">  R\u00e8glement Int\u00e9rieur de la PH-RDC   <\/a><\/div>\n<\/div>\n\n\n\n<div class=\"wp-block-column is-layout-flow wp-block-column-is-layout-flow\">\n<div class=\"wp-block-button is-style-default\"><a class=\"wp-block-button__link has-background has-vivid-cyan-blue-background-color\" href=\"https:\/\/ph-rdc.org\/wp-content\/uploads\/2019\/09\/Charte-de-bonne-conduite-de-la-PH_09022019_valid\u00e9.pdf\" target=\"_blank\" rel=\"noreferrer noopener\"> Charte de bonne conduite <\/a><\/div>\n\n\n\n<p><\/p>\n\n\n\n<div class=\"wp-block-button is-style-default\"><a class=\"wp-block-button__link has-background has-vivid-cyan-blue-background-color\" href=\"http:\/\/ph-rdc.org\/wp-content\/uploads\/2019\/09\/STATUT-PHG.pdf\" target=\"_blank\" rel=\"noreferrer noopener\">Statuts de PH &#8211; DR Congo <\/a><\/div>\n<\/div>\n<\/div>\n\n\n\n<p><\/p>\n","protected":false},"excerpt":{"rendered":"<p>Pour devenir membre effectif de la PH-RDC, veuillez remplir le formulaire bulletin de demande d\u2019adh\u00e9sion, le compl\u00e9t\u00e9 et l\u2019adress\u00e9 accompagn\u00e9 d\u2019une lettre d\u2019intention au Conseil d\u2019Administration \u00e0 l\u2019adresse&nbsp;8486\/35, 1er \u00e9tage immeuble Davier,&nbsp;Croisement des avenues Mpolo Maurice, Livre et Kasa vubu,&nbsp;Commune de la Gombe,&nbsp;Kinshasa \u2013 RDC Vous pouvez envoyer une version num\u00e9rique des documents \u00e0 l\u2019adresse&#8230; <\/p>\n","protected":false},"author":1,"featured_media":95,"parent":0,"menu_order":0,"comment_status":"closed","ping_status":"closed","template":"left-sidebar.php","meta":{"sfsi_plus_gutenberg_text_before_share":"","sfsi_plus_gutenberg_show_text_before_share":"","sfsi_plus_gutenberg_icon_type":"","sfsi_plus_gutenberg_icon_alignemt":"","sfsi_plus_gutenburg_max_per_row":"","footnotes":""},"class_list":["post-79","page","type-page","status-publish","has-post-thumbnail","hentry"],"_links":{"self":[{"href":"https:\/\/ph-rdc.org\/index.php\/wp-json\/wp\/v2\/pages\/79","targetHints":{"allow":["GET"]}}],"collection":[{"href":"https:\/\/ph-rdc.org\/index.php\/wp-json\/wp\/v2\/pages"}],"about":[{"href":"https:\/\/ph-rdc.org\/index.php\/wp-json\/wp\/v2\/types\/page"}],"author":[{"embeddable":true,"href":"https:\/\/ph-rdc.org\/index.php\/wp-json\/wp\/v2\/users\/1"}],"replies":[{"embeddable":true,"href":"https:\/\/ph-rdc.org\/index.php\/wp-json\/wp\/v2\/comments?post=79"}],"version-history":[{"count":9,"href":"https:\/\/ph-rdc.org\/index.php\/wp-json\/wp\/v2\/pages\/79\/revisions"}],"predecessor-version":[{"id":771,"href":"https:\/\/ph-rdc.org\/index.php\/wp-json\/wp\/v2\/pages\/79\/revisions\/771"}],"wp:featuredmedia":[{"embeddable":true,"href":"https:\/\/ph-rdc.org\/index.php\/wp-json\/wp\/v2\/media\/95"}],"wp:attachment":[{"href":"https:\/\/ph-rdc.org\/index.php\/wp-json\/wp\/v2\/media?parent=79"}],"curies":[{"name":"wp","href":"https:\/\/api.w.org\/{rel}","templated":true}]}}