{"id":43,"date":"2019-06-21T12:10:47","date_gmt":"2019-06-21T10:10:47","guid":{"rendered":"https:\/\/ph-rdc.org\/?page_id=43"},"modified":"2019-09-23T13:26:36","modified_gmt":"2019-09-23T11:26:36","slug":"membres","status":"publish","type":"page","link":"https:\/\/ph-rdc.org\/index.php\/membres\/","title":{"rendered":"Membres"},"content":{"rendered":"<p>La PH-RDC comprend trois cat\u00e9gories de membres, \u00e0 savoir : les membres effectifs, les membres d\u2019honneur ainsi que les membres sympathisants.<\/p>\n<ol>\n<li><strong>Membres effectifs<\/strong><\/li>\n<\/ol>\n<p>Les membres effectifs sont les membres fondateurs et les membres adh\u00e9rents.<\/p>\n<p>Statutairement, les membres fondateurs sont les h\u00f4pitaux et les organisations du secteur de la sant\u00e9 suivants :<\/p>\n<ul>\n<li>H\u00f4pital Saint Luc de Kisantu<\/li>\n<li>H\u00f4pital Saint Joseph<\/li>\n<li>Centre Hospitalier Monkole<\/li>\n<li>Chirurgie P\u00e9diatrique en Afrique (CHIRPA Asbl)<\/li>\n<li>Rotary club for Development<\/li>\n<li>ULB Coop\u00e9ration<\/li>\n<\/ul>\n<p>Les membres adh\u00e9rents sont les h\u00f4pitaux et organisations du secteur de la sant\u00e9 qui souscrivent librement aux statuts et r\u00e8glement int\u00e9rieur de l\u2019Association.<\/p>\n<p>La demande d&rsquo;adh\u00e9sion est soumise \u00e0 l&rsquo;approbation de l&rsquo;Assembl\u00e9e G\u00e9n\u00e9rale statuant \u00e0 la majorit\u00e9 simple.<\/p>\n<blockquote><p><span style=\"color: #0000ff;\"><a style=\"color: #0000ff;\" href=\"https:\/\/ph-rdc.org\/index.php\/devenir-membre\/\"><em><strong>Pour savoir comment soumettre une d\u2019adh\u00e9sion, cliquer ici\u00a0<\/strong><\/em><\/a><\/span><\/p><\/blockquote>\n<ol start=\"2\">\n<li><strong>Membre sympathisant<\/strong><\/li>\n<\/ol>\n<p>Le membre sympathisant est toute personne physique ou morale qui accepte de participer librement aux activit\u00e9s de l\u2019Association.<\/p>\n<p>Les membres sympathisants sont invit\u00e9s \u00e0 participer \u00e0 l\u2019Assembl\u00e9e G\u00e9n\u00e9rale, sans voix d\u00e9lib\u00e9rative.<\/p>\n<p>Toutefois, il faut noter que la participation aux activit\u00e9s et service de la PH-RDC ne tiens pas compte de la diff\u00e9rence statutaire entre les membres. Les microprojets et les formations sont donn\u00e9s au b\u00e9n\u00e9fice des tous les membres sans distinction des cat\u00e9gories.<\/p>\n<p>Pour devenir membre sympathisant, il suffit d\u2019envoyer une note d\u2019intention au conseil d\u2019administration.<\/p>\n<ol start=\"3\">\n<li><strong>Membre d\u2019honneur<\/strong><\/li>\n<\/ol>\n<p>Le membre d\u2019honneur est tout partenaire tant public que priv\u00e9 qui adh\u00e8re \u00e0 la vision de l\u2019Association et accepte d\u2019accompagner l\u2019Association dans cette vision en vue de contribuer \u00e0 la r\u00e9alisation de ses objectifs.<\/p>\n<p>Les membres d\u2019honneur sont invit\u00e9s \u00e0 l\u2019Assembl\u00e9e G\u00e9n\u00e9rale et au Conseil d\u2019Administration sans voix d\u00e9lib\u00e9rative, en tant qu\u2019observateurs et consultants pour toute mati\u00e8re qui requiert leur avis, \u00e0 la demande du Pr\u00e9sident du Conseil d\u2019Administration.<\/p>\n<blockquote><p><a href=\"https:\/\/ph-rdc.org\/index.php\/devenir-partenaire\/\"><span style=\"color: #0000ff;\"><strong><em>Pour savoir comment devenir partenaire et membre d\u2019honneur de la PH-RDC, Cliquer ici\u00a0<\/em><\/strong><\/span><\/a><\/p><\/blockquote>\n<p>La PH-RDC est en phase d\u2019\u00e9largissement et compte parmi ses membres les h\u00f4pitaux du secteur \u00e9tatique, priv\u00e9 ou confessionnel, militaires et de la police.<\/p>\n<blockquote><p><span style=\"color: #0000ff;\"><strong><a style=\"color: #0000ff;\" href=\"https:\/\/ph-rdc.org\/index.php\/liste\/\"><em>Cliquer ici pour voir la liste des h\u00f4pitaux membres et sympathisants de la PH-RDC\u00a0<\/em><\/a><\/strong><\/span><!--more--><\/p><\/blockquote>\n","protected":false},"excerpt":{"rendered":"<p>La PH-RDC comprend trois cat\u00e9gories de membres, \u00e0 savoir : les membres effectifs, les membres d\u2019honneur ainsi que les membres sympathisants. Membres effectifs Les membres effectifs sont les membres fondateurs et les membres adh\u00e9rents. Statutairement, les membres fondateurs sont les h\u00f4pitaux et les organisations du secteur de la sant\u00e9 suivants : H\u00f4pital Saint Luc de&#8230; <\/p>\n","protected":false},"author":1,"featured_media":0,"parent":0,"menu_order":0,"comment_status":"closed","ping_status":"closed","template":"","meta":{"sfsi_plus_gutenberg_text_before_share":"","sfsi_plus_gutenberg_show_text_before_share":"","sfsi_plus_gutenberg_icon_type":"","sfsi_plus_gutenberg_icon_alignemt":"","sfsi_plus_gutenburg_max_per_row":"","footnotes":""},"class_list":["post-43","page","type-page","status-publish","hentry"],"_links":{"self":[{"href":"https:\/\/ph-rdc.org\/index.php\/wp-json\/wp\/v2\/pages\/43","targetHints":{"allow":["GET"]}}],"collection":[{"href":"https:\/\/ph-rdc.org\/index.php\/wp-json\/wp\/v2\/pages"}],"about":[{"href":"https:\/\/ph-rdc.org\/index.php\/wp-json\/wp\/v2\/types\/page"}],"author":[{"embeddable":true,"href":"https:\/\/ph-rdc.org\/index.php\/wp-json\/wp\/v2\/users\/1"}],"replies":[{"embeddable":true,"href":"https:\/\/ph-rdc.org\/index.php\/wp-json\/wp\/v2\/comments?post=43"}],"version-history":[{"count":6,"href":"https:\/\/ph-rdc.org\/index.php\/wp-json\/wp\/v2\/pages\/43\/revisions"}],"predecessor-version":[{"id":262,"href":"https:\/\/ph-rdc.org\/index.php\/wp-json\/wp\/v2\/pages\/43\/revisions\/262"}],"wp:attachment":[{"href":"https:\/\/ph-rdc.org\/index.php\/wp-json\/wp\/v2\/media?parent=43"}],"curies":[{"name":"wp","href":"https:\/\/api.w.org\/{rel}","templated":true}]}}